?
30
What is the remainder when 91416 is divided by 3180?
2376
What is the remainder when 89056 is divided by 686?
562
Calculate the remainder when 141629 is divided by 63862.
13905
What is the remainder when 3866782 is divided by 1635?
7
Calculate the remainder when 220559707 is divided by 35.
32
What is the remainder when 729290 is divided by 182247?
302
Calculate the remainder when 721916 is divided by 1604.
116
Calculate the remainder when 1933911 is divided by 1852.
423
Calculate the remainder when 9478606 is divided by 53551.
79
Calculate the remainder when 104115971 is divided by 26028990.
11
Calculate the remainder when 1081090 is divided by 1284.
1246
What is the remainder when 155696637 is divided by 10670?
10667
Calculate the remainder when 2433 is divided by 2416.
17
What is the remainder when 109382 is divided by 320?
262
What is the remainder when 540156 is divided by 24552?
12
Calculate the remainder when 1924705 is divided by 962326.
53
What is the remainder when 160445362 is divided by 16905?
7
Calculate the remainder when 553224825 is divided by 154.
153
Calculate the remainder when 98711 is divided by 10261.
6362
What is the remainder when 672065 is divided by 21001?
33
Calculate the remainder when 121349094 is divided by 93.
90
Calculate the remainder when 15902427 is divided by 386.
385
Calculate the remainder when 21435633 is divided by 147.
93
What is the remainder when 201742 is divided by 390?
112
What is the remainder when 12055 is divided by 2327?
420
Calculate the remainder when 6593344 is divided by 2197757.
73
Calculate the remainder when 125380 is divided by 6235.
680
What is the remainder when 91325 is divided by 990?
245
What is the remainder when 34129703 is divided by 318969?
20
Calculate the remainder when 3923778 is divided by 415.
368
Calculate the remainder when 27625 is divided by 8807.
1204
Calculate the remainder when 767947 is divided by 113.
112
What is the remainder when 21787 is divided by 1235?
792
What is the remainder when 10401573 is divided by 5200727?
119
Calculate the remainder when 59951603 is divided by 29975800.
3
What is the remainder when 1336555 is divided by 3?
1
What is the remainder when 1452464 is divided by 320?
304
Calculate the remainder when 515143 is divided by 2963.
2544
What is the remainder when 3351726 is divided by 1117234?
24
What is the remainder when 8927163 is divided by 2224?
27
What is the remainder when 11823176 is divided by 1970506?
140
Calculate the remainder when 598720243 is divided by 115.
113
Calculate the remainder when 647562 is divided by 161870.
82
Calculate the remainder when 53291 is divided by 13318.
19
What is the remainder when 1743275 is divided by 114?
101
What is the remainder when 2041001 is divided by 426?
35
Calculate the remainder when 245624616 is divided by 81874871.
3
Calculate the remainder when 63363 is divided by 9043.
62
Calculate the remainder when 121094 is divided by 115907.
5187
What is the remainder when 61295 is divided by 4368?
143
Calculate the remainder when 2505729 is divided by 269.
263
Calculate the remainder when 267050 is divided by 266981.
69
What is the remainder when 1561850 is divided by 120125?
225
What is the remainder when 126233 is divided by 125901?
332
Calculate the remainder when 2045548 is divided by 1022748.
52
Calculate the remainder when 8595880 is divided by 2148957.
52
What is the remainder when 135584056 is divided by 6631?
6630
Calculate the remainder when 12782385 is divided by 300.
285
Calculate the remainder when 511502 is divided by 19671.
56
Calculate the remainder when 1593389 is divided by 252.
245
Calculate the remainder when 62293 is divided by 61316.
977
Calculate the remainder when 1330872 is divided by 261.
33
Calculate the remainder when 101209 is divided by 100710.
499
What is the remainder when 3327963 is divided by 2656?
2651
What is the remainder when 43300 is divided by 958?
190
What is the remainder when 5867302 is divided by 26668?
342
Calculate the remainder when 1133015 is divided by 204.
203
What is the remainder when 143097 is divided by 25?
22
What is the remainder when 108695 is divided by 12073?
38
What is the remainder when 1307738 is divided by 435841?
215
What is the remainder when 891811 is divided by 3946?
15
What is the remainder when 69617865 is divided by 2433?
3
What is the remainder when 310107 is divided by 103097?
816
What is the remainder when 1278463 is divided by 985?
918
What is the remainder when 565451 is divided by 56521?
241
What is the remainder when 3773549 is divided by 471692?
13
Calculate the remainder when 304229 is divided by 99612.
5393
What is the remainder when 5417283 is divided by 714?
165
What is the remainder when 104372364 is divided by 923649?
27
Calculate the remainder when 5135674 is divided by 78.
76
Calculate the remainder when 1257457 is divided by 1379.
1188
What is the remainder when 3184989 is divided by 2293?
12
What is the remainder when 370454 is divided by 372?
314
What is the remainder when 29873050 is divided by 5884?
5866
Calculate the remainder when 746134 is divided by 1838.
1744
Calculate the remainder when 1627453 is divided by 1699.
1510
Calculate the remainder when 2690099 is divided by 896681.
56
Calculate the remainder when 109072961 is divided by 22.
19
Calculate the remainder when 2141370 is divided by 426.
294
What is the remainder when 71016613 is divided by 296?
293
Calculate the remainder when 3104262 is divided by 1583.
1582
Calculate the remainder when 5783087 is divided by 2654.
21
What is the remainder when 2575061 is divided by 2763?
2708
Calculate the remainder when 5097 is divided by 3695.
1402
Calculate the remainder when 946695 is divided by 67605.
225
Calculate the remainder when 9626909 is divided by 1888.
1885
Calculate the remainder when 20635 is divided by 9688.
1259
Calculate the remainder when 5969564 is divided by 21.
20
What is the remainder when 630069 is divided by 71?
15
Calculate the remainder when 441344 is divided by 336.
176
Calculate the remainder when 14267332 is divided by 173.
22
What is the remainder when 7171731 is divided by 38766?
21
Calculate the remainder when 5071546 is divided by 50.
46
What is the remainder when 20878 is divided by 6721?
715
Calculate the remainder when 293755 is divided by 473.
22
Calculate the remainder when 754251 is divided by 69.
12
What is the remainder when 1713441 is divided by 18424?
9
What is the remainder when 119009439 is divided by 1760?
1759
Calculate the remainder when 568829 is divided by 1800.
29
What is the remainder when 1189000 is divided by 66049?
118
What is the remainder when 91811 is divided by 4590?
11
Calculate the remainder when 529384 is divided by 4177.
3082
Calculate the remainder when 501139 is divided by 250456.
227
Calculate the remainder when 466050 is divided by 7211.
4546
Calculate the remainder when 31119977 is divided by 15559988.
1
Calculate the remainder when 140113523 is divided by 454914.
11
Calculate the remainder when 1265846 is divided by 105468.
230
What is the remainder when 202595 is divided by 504?
491
Calculate the remainder when 1640873 is divided by 17.
16
What is the remainder when 644115 is divided by 35769?
273
What is the remainder when 491566 is divided by 70140?
586
What is the remainder when 156409808 is divided by 5?
3
Calculate the remainder when 739207 is divided by 18029.
18
Calculate the remainder when 1354697 is divided by 225782.
5
What is the remainder when 64668 is divided by 1268?
0
What is the remainder when 2020636 is divided by 2020609?
27
What is the remainder when 1823282 is divided by 4361?
384
Calculate the remainder when 4857011 is divided by 1618791.
638
What is the remainder when 3292786 is divided by 993?
991
What is the remainder when 57892133 is divided by 8?
5
Calculate the remainder when 20881 is divided by 574.
217
Calculate the remainder when 5596218 is divided by 4931.
4464
What is the remainder when 6256 is divided by 5459?
797
Calculate the remainder when 341113 is divided by 39.
19
What is the remainder when 3694044 is divided by 67?
66
Calculate the remainder when 35599 is divided by 847.
25
What is the remainder when 585664 is divided by 13305?
244
What is the rem